 4, what is -32 + 1210?
1112
In base 10, what is -4 - -29?
25
In base 13, what is -139 - 4?
-140
In base 4, what is -11 - -31213?
31202
In base 6, what is -254 + 42?
-212
In base 3, what is 2001121 + 11?
2001202
In base 7, what is -3423 + 11?
-3412
In base 4, what is 23 - 1121?
-1032
In base 7, what is -23 - -5044?
5021
In base 13, what is -1772 - 2?
-1774
In base 11, what is -5 + -6a?
-74
In base 14, what is -17dd - 5?
-1804
In base 6, what is -5 + -3?
-12
In base 9, what is 7 - -34?
42
In base 3, what is -111202210 + 0?
-111202210
In base 3, what is 20 + -12020?
-12000
In base 2, what is 1100 + -1101?
-1
In base 11, what is 8209 + 2?
8210
In base 2, what is 100 + -1101000?
-1100100
In base 10, what is 3 + -1459?
-1456
In base 10, what is 10052 + -1?
10051
In base 8, what is -5 - -3?
-2
In base 15, what is 3 - -1766?
1769
In base 3, what is 1022 - -11?
1110
In base 16, what is -140d + -1?
-140e
In base 6, what is -33321 - -5?
-33312
In base 10, what is 68 + -21?
47
In base 5, what is 3 - 143?
-140
In base 16, what is -14 + 6?
-e
In base 16, what is -4 + -f?
-13
In base 7, what is -4 - -25525?
25521
In base 2, what is -11110001001 - -100?
-11110000101
In base 12, what is 6 + 16?
20
In base 3, what is -212 + 12?
-200
In base 12, what is -1 - 12?
-13
In base 7, what is 4 - 211?
-204
In base 7, what is -34042 + -1?
-34043
In base 3, what is -102102 - 12?
-102121
In base 13, what is 4 - 5?
-1
In base 2, what is -1101101101101 + 100?
-1101101101001
In base 12, what is 12 - 53?
-41
In base 7, what is 224 - -32?
256
In base 2, what is -1011011 - -101?
-1010110
In base 12, what is -6 + -501b?
-5025
In base 9, what is -67 + 26?
-41
In base 3, what is 1 + -2221?
-2220
In base 7, what is -116 + 0?
-116
In base 5, what is -100 + 30?
-20
In base 10, what is 26 - -313?
339
In base 4, what is -1303031 + -1?
-1303032
In base 4, what is 11 + 212?
223
In base 16, what is -34 + 2?
-32
In base 10, what is -3 + 106?
103
In base 8, what is 753 - 6?
745
In base 16, what is -16d + 4?
-169
In base 10, what is -1 - 1142?
-1143
In base 16, what is -3 - b?
-e
In base 13, what is 6 - -11c?
125
In base 10, what is -63 + -5?
-68
In base 12, what is -104 - 42?
-146
In base 11, what is 16 - -7?
22
In base 2, what is 1 + -10111?
-10110
In base 9, what is 6 + 82?
88
In base 10, what is -5 - 67?
-72
In base 12, what is -18 + -181?
-199
In base 8, what is 1 - -70?
71
In base 7, what is -154 + -10?
-164
In base 2, what is 10 + 110?
1000
In base 14, what is 9 - 18?
-d
In base 3, what is 1102010 - -2?
1102012
In base 5, what is 22111 - 11?
22100
In base 12, what is 61 + -3?
5a
In base 2, what is 1100 - -100?
10000
In base 3, what is 11 + 1201?
1212
In base 3, what is 1 + 211221?
211222
In base 11, what is -33a6 + -1?
-33a7
In base 15, what is b + b?
17
In base 4, what is -13 - -2301?
2222
In base 3, what is 2 + -1001?
-222
In base 9, what is 5142 + -1?
5141
In base 6, what is 324 + -2?
322
In base 9, what is 45 - -1?
46
In base 6, what is 1 + 114?
115
In base 11, what is 256 - -7?
262
In base 7, what is -6300 - 1?
-6301
In base 8, what is -3 + 245?
242
In base 10, what is 151 + -1?
150
In base 10, what is 12 - -25?
37
In base 8, what is 762 - -2?
764
In base 7, what is -660 - 4?
-664
In base 5, what is 1441243 - 4?
1441234
In base 13, what is 0 + 1c?
1c
In base 6, what is -3 - -1013?
1010
In base 12, what is -5 - 7?
-10
In base 7, what is -442 - 2?
-444
In base 2, what is 100 - -101101010?
101101110
In base 6, what is 3122 - 1?
3121
In base 3, what is -10212 + -2?
-10221
In base 6, what is 132 - 4?
124
In base 8, what is -4225 - -1?
-4224
In base 15, what is 1d7 + 5d?
245
In base 5, what is -303 + 121?
-132
In base 5, what is 441422 - -4?
441431
In base 14, what is 10b - -5?
112
In base 2, what is -1010000 + 1111?
-1000001
In base 8, what is -20 - -442?
422
In base 11, what is -135 - 2?
-137
In base 11, what is -120 - -1?
-11a
In base 2, what is -1011 + 101?
-110
In base 12, what is -4 - -13a?
136
In base 10, what is 31 + -22?
9
In base 4, what is 113 - -11001?
11120
In base 13, what is -4 + 10?
9
In base 9, what is 86 + -6?
80
In base 13, what is -21b9 - 0?
-21b9
In base 10, what is -1 - -18?
17
In base 4, what is -11 + -2001?
-2012
In base 2, what is -100 + -1100010?
-1100110
In base 2, what is 110101010 + -1011?
110011111
In base 10, what is 3 - -1159?
1162
In base 7, what is -6 - -1133?
1124
In base 4, what is 11 - -21031?
21102
In base 2, what is -110 - -10011111?
10011001
In base 5, what is -34 + -14?
-103
In base 6, what is 5 - 1223?
-1214
In base 5, what is -43230 + -12?
-43242
In base 5, what is -110 - -13?
-42
In base 3, what is -1 + -2?
-10
In base 3, what is 1201110 - 101?
1201002
In base 9, what is 85 - -2?
87
In base 15, what is 7 + -4c?
-45
In base 3, what is 10 + -22012?
-22002
In base 12, what is 45 + -2?
43
In base 14, what is c8 + 3?
cb
In base 3, what is 11122 + 12?
11211
In base 5, what is -4 + -4?
-13
In base 10, what is -1 + -47?
-48
In base 15, what is 30 + 14?
44
In base 6, what is -33 - -1302?
1225
In base 10, what is -1 - 64?
-65
In base 15, what is 37 - 139?
-102
In base 12, what is -1a - -5?
-15
In base 4, what is -21 + 12?
-3
In base 9, what is -234 + -3?
-237
In base 10, what is -1 - -55?
54
In base 14, what is -526a - 0?
-526a
In base 13, what is 48 - 1a?
2b
In base 8, what is 471 - 10?
461
In base 7, what is -3404 + 4?
-3400
In base 5, what is 400 - 13?
332
In base 8, what is -141 + -1?
-142
In base 3, what is 1201010 + 21?
1201101
In base 10, what is 519 + 1?
520
In base 6, what is -4 + -1525?
-1533
In base 8, what is 115 - -35?
152
In base 2, what is 11101110 + -11?
11101011
In base 9, what is 12 - 214?
-202
In base 9, what is -4 + 128?
124
In base 16, what is e - -15?
23
In base 12, what is 797 + 5?
7a0
In base 9, what is 3 + -218?
-215
In base 6, what is -4 + -123?
-131
In base 15, what is 7 + 11?
18
In base 11, what is -65 - 4?
-69
In base 13, what is 114 - 4?
110
In base 15, what is -264 - a?
-26e
In base 14, what is 0 + 31d?
31d
In base 15, what is -2 - 820?
-822
In base 10, what is -1 + 72?
71
In base 6, what is -1104 - -14?
-1050
In base 12, what is -48 - -16?
-32
In base 16, what is -3 + 9?
6
In base 7, what is 0 + 42?
42
In base 7, what is 3 + 6630?
6633
In base 15, what is 2 - -8c?
8e
In base 13, what is 3 + -223?
-220
In base 14, what is -815 - 2?
-817
In base 11, what is 5 - aa6?
-aa1
In base 11, what is -775 - -1?
-774
In base 6, what is 5 + -112?
-103
In base 16, what is 21 - e8?
-c7
In base 12, what is 3 - 21?
-1a
In base 6, what is -303104 - 1?
-303105
In base 4, what is 1120 + -2?
1112
In base 13, what is 4a - 10?
3a
In base 6, what is -505 - -1?
-504
In base 11, what is -11 - 0?
-11
In base 4, what is -32 - 103331?
-110023
In base 14, what is 341 - 2?
33d
In base 5, what is -104044 - 10?
-104104
In base 9, what is -55 - -17?
-37
In base 8, what is 2 - -246?
250
In base 16, what is -5 + -2c7?
-2cc
In base 6, what is 5 + -3350?
-3341
In base 12, what is -21 - -1?
-20
In base 14, what is -5 - 8a?
-91
In base 7, what is -342 - -1?
-341
In base 2, what is -100 + -11?
-111
In base 13, what is -c2 + 5?
-ba
In base 2, what is -100110 - -101100?
110
In base 16, what is -35 + 8?
-2d
In base 11, what is -4 + -33?
-37
In base 7, what is -36 + 54?
15
In base 4, what is -3 - -132?
123
In base 8, what is -4335 + 4?
-4331
In base 13, what is -12 - -5?
-a
In base 7, what is -1 + -1?
-2
In base 5, what is 1 - -134?
140
In base 8, what is 663 - 6?
655
In base 8, what is -12 + 343?
331
In base 3, what is -122122 + -2?
-122201
In base 2, what is 100 + 101101?
110001
In base 11, what is 45 - 0?
45
In base 2, what is 101 - -10110010011?
10110011000
In base 11, what is -34 + -330?
-364
In base 16, what is -db + 4?
-d7
In base 6, what is 420 - 5?
411
In base 10, what is 2 - -1827?
1829
In base 3, what is 0 - -101212010?
101212010
In base 3, what is -2122011020 + -2?
-2122011022
In base 14, what is 53 + -3?
50
In base 3, what is -10221 - -10?
-10211
In base 7, what is 16 + 12?
31
In base 3, what is -12 - 22021?
-22110
In base 11, what is -2 + -30?
-32
In base 16, what is -9 + -39?
-42
In base 7, what is 1 - -240?
241
In base 15, what is -2 + -da?
-dc
In base 14, what is -5 + -104?
-109
In base 3, what is 2021 + 1102?
10200
In base 7, what is 3 + 2412?